{"id":68,"date":"2024-09-25T15:30:44","date_gmt":"2024-09-25T13:30:44","guid":{"rendered":"http:\/\/www-neu.eg-karlstein.de\/?page_id=68"},"modified":"2024-09-25T15:30:44","modified_gmt":"2024-09-25T13:30:44","slug":"energie-info","status":"publish","type":"page","link":"https:\/\/www.eg-karlstein.de\/index.php\/energie-info\/","title":{"rendered":"Energie-Info"},"content":{"rendered":"\n<h2 class=\"wp-block-heading has-text-align-center\">Energiespartipps<\/h2>\n\n\n\n<p>Strom, W\u00e4rme und Wasser geh\u00f6ren f\u00fcr uns zu den allt\u00e4glichen Selbstverst\u00e4ndlichkeiten, die das Leben und Arbeiten angenehmer machen. Die Erzeugung und Nutzung von Energie verbraucht aber wertvolle nat\u00fcrliche Ressourcen und belastet trotz aller technischen Innovationen die Umwelt.<br>Schon im Alltag k\u00f6nnen Sie einfach ohne Verzicht auf Komfort Energie sparen und damit Umwelt und Geldbeutel entlasten. Mit unseren Energiespartipps k\u00f6nnen Sie zu Hause schnell einen guten Teil des Energieverbrauchs einsparen.<\/p>\n\n\n\n<p>Informationen zu Ma\u00dfnahmen zur Steigerung der Energieeffizienz und der Energieeinsparung mit Vergleichswerten zum Energieverbrauch sowie Kontaktm\u00f6glichkeiten zu Verbraucherorganisationen, Energieagenturen oder \u00e4hnlichen Einrichtungen erhalten Sie auf folgender Internetseite: www.ganz-einfach-energiesparen.de<\/p>\n","protected":false},"excerpt":{"rendered":"<p>Energiespartipps Strom, W\u00e4rme und Wasser geh\u00f6ren f\u00fcr uns zu den allt\u00e4glichen Selbstverst\u00e4ndlichkeiten, die das Leben und Arbeiten angenehmer machen. Die Erzeugung und Nutzung von Energie verbraucht aber wertvolle nat\u00fcrliche Ressourcen und belastet trotz aller technischen Innovationen die Umwelt.Schon im Alltag k\u00f6nnen Sie einfach ohne Verzicht auf Komfort Energie sparen und damit Umwelt und Geldbeutel entlasten. [&hellip;]<\/p>\n","protected":false},"author":1,"featured_media":0,"parent":0,"menu_order":0,"comment_status":"closed","ping_status":"closed","template":"","meta":{"_acf_changed":false,"content-type":"","footnotes":""},"class_list":["post-68","page","type-page","status-publish","hentry"],"blocksy_meta":[],"acf":[],"_links":{"self":[{"href":"https:\/\/www.eg-karlstein.de\/index.php\/wp-json\/wp\/v2\/pages\/68","targetHints":{"allow":["GET"]}}],"collection":[{"href":"https:\/\/www.eg-karlstein.de\/index.php\/wp-json\/wp\/v2\/pages"}],"about":[{"href":"https:\/\/www.eg-karlstein.de\/index.php\/wp-json\/wp\/v2\/types\/page"}],"author":[{"embeddable":true,"href":"https:\/\/www.eg-karlstein.de\/index.php\/wp-json\/wp\/v2\/users\/1"}],"replies":[{"embeddable":true,"href":"https:\/\/www.eg-karlstein.de\/index.php\/wp-json\/wp\/v2\/comments?post=68"}],"version-history":[{"count":1,"href":"https:\/\/www.eg-karlstein.de\/index.php\/wp-json\/wp\/v2\/pages\/68\/revisions"}],"predecessor-version":[{"id":69,"href":"https:\/\/www.eg-karlstein.de\/index.php\/wp-json\/wp\/v2\/pages\/68\/revisions\/69"}],"wp:attachment":[{"href":"https:\/\/www.eg-karlstein.de\/index.php\/wp-json\/wp\/v2\/media?parent=68"}],"curies":[{"name":"wp","href":"https:\/\/api.w.org\/{rel}","templated":true}]}}