{"id":119,"date":"2024-09-30T12:17:47","date_gmt":"2024-09-30T10:17:47","guid":{"rendered":"http:\/\/www-neu.eg-karlstein.de\/?page_id=119"},"modified":"2024-10-04T11:41:09","modified_gmt":"2024-10-04T09:41:09","slug":"kontaktformular","status":"publish","type":"page","link":"https:\/\/www.eg-karlstein.de\/index.php\/kontaktformular\/","title":{"rendered":"Kontaktformular"},"content":{"rendered":"\n<h2 class=\"wp-block-heading has-text-align-center\">Kontaktformular<\/h2>\n\n\n\n<p>Hier k\u00f6nnen Sie eine Nachricht nach vollst\u00e4ndigem Ausf\u00fcllen an uns schicken. (Alle mit einem * gekennzeichneten Felder sind Pflichtfelder und m\u00fcssen ausgef\u00fcllt werden.)<\/p>\n\n\n\n<p><\/p>\n\n\n\n<div class=\"wp-block-leadin-hubspot-form-block\">\n\t\t\t\t\t\t<script>\n\t\t\t\t\t\t\twindow.hsFormsOnReady = window.hsFormsOnReady || [];\n\t\t\t\t\t\t\twindow.hsFormsOnReady.push(()=>{\n\t\t\t\t\t\t\t\thbspt.forms.create({\n\t\t\t\t\t\t\t\t\tportalId: 47603219,\n\t\t\t\t\t\t\t\t\tformId: \"a982548c-3745-40db-90c5-76e3160ad3fa\",\n\t\t\t\t\t\t\t\t\ttarget: \"#hbspt-form-1776032177000-8467366255\",\n\t\t\t\t\t\t\t\t\tregion: \"na1\",\n\t\t\t\t\t\t\t\t\t\n\t\t\t\t\t\t\t})});\n\t\t\t\t\t\t<\/script>\n\t\t\t\t\t\t<div class=\"hbspt-form\" id=\"hbspt-form-1776032177000-8467366255\"><\/div><\/div>\n\n\n\n<p><\/p>\n","protected":false},"excerpt":{"rendered":"<p>Kontaktformular Hier k\u00f6nnen Sie eine Nachricht nach vollst\u00e4ndigem Ausf\u00fcllen an uns schicken. (Alle mit einem * gekennzeichneten Felder sind Pflichtfelder und m\u00fcssen ausgef\u00fcllt werden.)<\/p>\n","protected":false},"author":1,"featured_media":0,"parent":0,"menu_order":0,"comment_status":"closed","ping_status":"closed","template":"","meta":{"_acf_changed":false,"content-type":"","footnotes":""},"class_list":["post-119","page","type-page","status-publish","hentry"],"blocksy_meta":[],"acf":[],"_links":{"self":[{"href":"https:\/\/www.eg-karlstein.de\/index.php\/wp-json\/wp\/v2\/pages\/119","targetHints":{"allow":["GET"]}}],"collection":[{"href":"https:\/\/www.eg-karlstein.de\/index.php\/wp-json\/wp\/v2\/pages"}],"about":[{"href":"https:\/\/www.eg-karlstein.de\/index.php\/wp-json\/wp\/v2\/types\/page"}],"author":[{"embeddable":true,"href":"https:\/\/www.eg-karlstein.de\/index.php\/wp-json\/wp\/v2\/users\/1"}],"replies":[{"embeddable":true,"href":"https:\/\/www.eg-karlstein.de\/index.php\/wp-json\/wp\/v2\/comments?post=119"}],"version-history":[{"count":4,"href":"https:\/\/www.eg-karlstein.de\/index.php\/wp-json\/wp\/v2\/pages\/119\/revisions"}],"predecessor-version":[{"id":370,"href":"https:\/\/www.eg-karlstein.de\/index.php\/wp-json\/wp\/v2\/pages\/119\/revisions\/370"}],"wp:attachment":[{"href":"https:\/\/www.eg-karlstein.de\/index.php\/wp-json\/wp\/v2\/media?parent=119"}],"curies":[{"name":"wp","href":"https:\/\/api.w.org\/{rel}","templated":true}]}}